+ -7 + 1. Let l(c) = c**3 + 8*c**2 + 8*c - 5. Calculate l(w).
19
Suppose -2*z + 53 = 4*w - 45, 4*z + 5*w - 202 = 0. Suppose 46*q - z*q + 119 = 0. Let v(n) = n**3 - 16*n**2 - 18*n + 18. Calculate v(q).
1
Let c = 69430 + -69426. Let x(v) = -v**3 + 3*v - 4. Let h(s) = -s**3 + s**2 + 2*s - 4. Let f(y) = -5*h(y) + 4*x(y). Calculate f(c).
-4
Suppose -2*x + 273 = 4*i + 219, -i = 2*x - 27. Let r(w) = -2*w**2 + 22*w - 32. Give r(x).
4
Let m = -5459 - -5461. Let f(l) = -14*l + 4. Calculate f(m).
-24
Let d(k) be the third derivative of k**4/24 - 3*k**3 - 407*k**2. What is d(-9)?
-27
Suppose 2*s - u - 14 = 0, 5*u - 35 = -20*s + 15*s. Let v(j) = -j**3 + 8*j**2 - 10*j - 12. Give v(s).
-33
Let b(d) = d**2 - 5*d + 4. Let y(l) = -l**2 - 13*l + 16. Let t be y(-11). Let j be (-4 + -1)*(-4)/(-10) - t. Let r = j + 45. Determine b(r).
4
Let n(x) = 9*x - 1. Suppose -6*o - 2*z + 6 = -9*o, 5*o + 12 = 4*z. Let j be -1 + o - (30 + -32). Calculate n(j).
8
Let g be (-2976)/(-20) + (-10)/(-50). Let j = 146 - g. Let b(s) = 4*s**2 - 3. Let z(t) = 5*t**2 - 4. Let w(y) = 4*b(y) - 3*z(y). Determine w(j).
9
Let n be 196/888 + 40/(-740). Let j(v) be the third derivative of -22*v**2 + 1/120*v**6 + 0 + n*v**3 + 0*v - 1/60*v**5 - 1/12*v**4. Calculate j(-2).
-7
Let q(w) = -2*w**2 + 6 - 2*w**3 - 4*w + 0 - 8. Suppose -6 - 2 = 4*i. Determine q(i).
14
Let c(f) be the first derivative of 2*f**3/3 - 21*f**2/2 + 21*f - 5204. Give c(9).
-6
Let j(l) = 4 + 0 - 1 + l. Let x be (6 - 13)/((1/2)/(31/62)). Give j(x).
-4
Let m(s) = 5*s**3 + s**2. Suppose -3*l + 11*l - 24 = 0. Suppose 0 = 2*v - 3*x + 47, 2*v - l*x + 85 = -2*v. Let b(r) = -r - 20. Let u be b(v). Give m(u).
-4
Let u be 2 + 5/((-15)/(-6)). Let s be ((-6)/u)/3*2. Let j(y) = 3 + 64*y**2 + 1 + 76*y**2 - 3 - 126*y**2. Give j(s).
15
Let x be (-8)/16 - (-1)/6*-3. Let q(p) = -3*p**2 - 4*p. Let i(c) = -c**3 - c**2 + c - 1. Let n(t) = -i(t) - q(t). Determine n(x).
1
Suppose -1685*u = -1718*u + 66. Let o(l) = l**2 - l. Let q(v) = 3*v**3 + 4*v**2 - 3*v. Let t(f) = 5*o(f) - q(f). Give t(u).
-24
Let i(d) = d**2 + 2*d + 1. Let s = -254 + 262. Suppose -z = 2*l - 1, -5*z = -z - 4*l + s. Calculate i(z).
0
Suppose -d = 2*o - 13, -9 = 3*d - o - 6. Let g(k) = 6*k**2 - 7*k + 7. Give g(d).
6
Suppose 0 = -5*d - 4*u - 32, -u - 3*u = 12. Let h(r) = 17*r**2 - 4*r - 23*r**2 + 3*r - 2*r**3 - 3. Give h(d).
33
Let b(k) be the second derivative of -k**4/12 + 7*k**3/3 - 14*k**2 + 600*k. Give b(8).
20
Let x = -77 - -70. Let q(z) be the first derivative of 8/3*z**3 + 17 + 1/4*z**4 + z + 7/2*z**2. What is q(x)?
1
Let x(k) = 2*k**2 - 2*k + 1. Let w = -23530 + 23531. Give x(w).
1
Let a(z) = -z**2 - 7*z - 3. Suppose 2*g + 2 = -4. Let o = 5 - g. Let d = -13 + o. What is a(d)?
7
Let r(p) = -16*p + 184. Let t be r(11). Let z(c) = 4 - 4 - c + 6. Determine z(t).
-2
Let u(n) = n**2 + 9*n - 8. Let a = 456 + -453. Suppose 5*w = a*w - 3*o - 10, -4*o + 16 = 0. Calculate u(w).
14
Let g(f) be the second derivative of -5*f**4/24 + 2*f**3/3 + 37*f**2 - 54*f. Let o(y) be the first derivative of g(y). Determine o(3).
-11
Let f(g) = -35 - 18*g - 294*g**2 + 20 + 293*g**2. Determine f(-14).
41
Let b(z) = -z**2 + 7*z + 12. Let x be b(9). Let y(k) be the third derivative of -1/120*k**6 + 7/24*k**4 + 49*k**2 + k**3 + 0*k + 0 - 1/12*k**5. Determine y(x).
0
Let v(f) = -237*f - 1660. Let d be v(-7). Let p(b) = 13*b + 9. What is p(d)?
-4
Let s(y) = -y**3 - 10*y**2 + 16*y - 18. Suppose 17445*i = 17462*i + 204. What is s(i)?
78
Suppose 39*f = 2*m + 38*f - 10, 0 = 2*f - 4. Let l(j) = -j**2 + 4*j + 14. What is l(m)?
2
Suppose 0 = 7*b - 3*b - l - 29, -5*l + 16 = 3*b. Let a(u) = 2*u + 13. Let v(j) = 6 + 5 + 9 + 10 - 21 + j. Let h(o) = -3*a(o) + 5*v(o). Give h(b).
-1
Let p(w) be the third derivative of 1/6*w**3 + 1/12*w**4 - w + 11*w**2 + 0. What is p(9)?
19
Suppose 2 = -2*a - 6*c + 4*c, 0 = -2*a + 3*c + 18. Let q(m) = 5*m + 19 + 2*m**2 - 3 + a - 23. Give q(-5).
21
Let r(k) = 2*k**3 + 41*k**2 - 21*k + 3. Suppose 19*n - 2390 = 266*n + 2797. Calculate r(n).
3
Let s(t) = -8*t**2 - t. Suppose -2*d - 4*k = -30 - 2, 0 = 3*k - 15. Suppose -y = -3, -5*y + 11 = q - d. Give s(q).
-34
Let p(v) = 1390*v - v**3 + 4 - 1387*v - 11*v**2 - 6*v**2 + 10. Determine p(-17).
-37
Let b(c) = -4*c - 3. Suppose -3*l - i = 2*i - 93, -2*i = 5*l - 140. Let w be (1/(-7)*20)/(l/(-91)). Suppose -w*u = -6*u + 8. Calculate b(u).
5
Let v(d) = d - 5. Let r(i) = i**3 + 3*i**2 - 6*i - 8. Let b be r(-6). Let c = b - -76. Determine v(c).
-9
Let c(y) be the second derivative of -y**7/1260 + y**6/144 + y**5/60 - 9*y**4/2 - y**2/2 - 172*y. Let q(t) be the third derivative of c(t). What is q(4)?
-10
Let w(j) be the first derivative of -j**2 - 44 + 7*j**2 + 2*j**2 - 7*j**2 + 0*j**2 - 5*j. Determine w(0).
-5
Let c(w) = -3*w - 46. Let n be (13 + -12)*63/6*-2. What is c(n)?
17
Suppose -2*l - m + 5 = 2, 3 = 3*l + 2*m. Let h(f) = 8*f**2 - 405*f**l + 205*f**3 + 201*f**3. What is h(-8)?
0
Let d(v) = v**3 - 11*v**2 + 8*v + 13. Suppose 9*t - 12*t + 6 = 0. Let q be t*(3/(-2))/((-12)/40). Give d(q).
-7
Let o(t) = t**3 - 5*t - 9. Let s be o(-2). Let r(z) = 2*z**2 - 3*z + 3. Let f(q) = -2*q**2 + 3*q - 2. Let d(a) = s*f(a) - 6*r(a). Determine d(3).
5
Let i(l) = -380 + 3*l + 178 + 199 + l**2. Suppose 5*h - 5*b + 15 = 0, -5*h + h + 2*b - 2 = 0. What is i(h)?
7
Let v(f) be the second derivative of -f**2 + 0*f**3 + 1/12*f**4 - 2 + 4*f - 1/20*f**5. Determine v(-2).
10
Let l(m) = m**2 - m - 4. Let z(j) = -j**2 - 25*j - 143. Let h be z(-16). Let q be h/(-2) - (-40)/16. What is l(q)?
-2
Let r(u) = -17*u + 16. Suppose 4*f + 29 - 13 = 0, 0 = o - 3*f - 14. Give r(o).
-18
Let d(p) = -1 + 19*p - 3 + 19 + 42. Let z(n) = 9*n + 28. Let u(k) = 6*d(k) - 13*z(k). Calculate u(-9).
5
Let u(o) = 10*o**2 + 10*o**2 - 19*o**2 + 8*o - 13*o - 8. Suppose -8 = 3*d + 7, -2*b - 6 = 4*d. Suppose -z = -0*z - b. Calculate u(z).
6
Let u(l) = -3*l**3 + 2*l**2 + 2. Let x = 225 + -184. Let s = x + -39. What is u(s)?
-14
Let z be 1 + (1 - (-8 - -2)). Let h(a) = -4*a + 3*a - 380 + z*a + 378 - a**2. Determine h(6).
4
Let r(n) = -22*n**2 + 396*n - 52. Let q(l) = 10*l**2 - 190*l + 26. Let u(y) = 15*q(y) + 7*r(y). Give u(-20).
-14
Let r(y) = y**3 - 24*y**2 + 44*y - 8. Let o be r(22). Let p(w) be the first derivative of 3*w - 4 - 3*w + w - w**2 + w. Give p(o).
18
Let o(w) = 11*w**2 - 17*w + 66. Let m(f) = 19*f**2 - 29*f + 112. Let d(r) = -7*m(r) + 12*o(r). Determine d(7).
-48
Suppose 0 = -4*j - 2*l + 16, 27*j - 22*j + 2*l - 18 = 0. Let q(h) be the third derivative of -1/60*h**5 + 0*h**4 + 0 - 3*h**j + 0*h**3 + 0*h. Determine q(0).
0
Let k(l) = l**3 + 3*l**2 + l - 2. Suppose -16 + 61 = 3*m. Suppose 4*f - 294 = -10*f. Suppose m + f = -12*z. Calculate k(z).
-5
Suppose 0 = -145*l + 1075 - 1655. Let a(s) = -12*s + 6. Give a(l).
54
Let z(p) be the second derivative of 4*p**3/3 + 5*p**2/2 - 7550*p. Calculate z(2).
21
Suppose 5*d + 4*p - 8 = 0, -3*p = 5*d - 3*d + 1. Suppose 2*z + 196 = 9*z. Let u(l) = 3*l - 13 - 17 + z. What is u(d)?
10
Let l(i) = 23*i + 2. Let a be (-1607)/(-3) - (-24)/18. Let k = 535 - a. Calculate l(k).
-44
Let x(j) = -j**2 + j - 12. Let m be x(5). Let u = -30 - m. Let o(w) = -2*w**2 + 5*w - u*w**3 + w**3 - 4*w + 3*w**2. Calculate o(0).
0
Let m = 112 + -72. Let f be -8*(-2)/m - 608/(-5). Let p = f + -118. Let t(s) = -s**2 + 5*s - 2. Calculate t(p).
2
Suppose -6 = -5*p + 14. Let h(l) = p*l**3 + 14*l**2 - 3 - 7*l**2 + 6*l - 5*l**3 + l**2. Determine h(9).
-30
Let w(l) = -12*l - 8. Let s(g) = -24*g - 15. Let m(u) = 3*s(u) - 5*w(u). Suppose -113*r + 118*r + 24 = -y, 2*y - 2*r = 0. Calculate m(y).
43
Let l(o) be the third derivative of -o**5/60 + o**4/4 + 16*o**3/3 + 2804*o**2. Determine l(9).
5
Let g(h) be the second derivative of -1/6*h**3 - 3*h**2 + 82*h + 0. Give g(6).
-12
Let a(w) = -48*w - 5859. Let r be a(-122). Let v(n) = -n**3 - 5*n**2 - 14*n - 22. Determine v(r).
2
Let h be 48/(-18)*63/28. Let p(c) = -c**2 - 4*c - 8. Calculate p(h).
-20
Let o(u) = 61*u. Let h be o(-1). Let k = 65 + h. Suppose 2*p = 3*n + 7, k*p - 7 = -0*p - n. Let r(c) = -8*c + 2. Give r(p).
-14
Let x = 8 + 1. Let l be (-14)/(-2) + (0/(-2) - 4). Let p(q) = -7*q**l + 7*q**3 + 9*q**2 - q**3 + 2*q - 8. Determine p(x).
10
Let p(y) = -y. Let z be 9 - 5/(25/15). Let v be p(z). Let h(t) = -424*t**3 + 3*t**2 + 423*t**3 - 7*t - 4